rue
Is 22 a factor of 29243?
False
Is 55 a factor of 2145?
True
Is 19072 a multiple of 14?
False
Is 6298 a multiple of 48?
False
Does 15 divide 525?
True
Is 220 a multiple of 10?
True
Is 91 a factor of 1001?
True
Is 42 a factor of 546?
True
Does 6 divide 2725?
False
Is 32 a factor of 523?
False
Is 604 a multiple of 18?
False
Is 136244 a multiple of 10?
False
Is 30 a factor of 1654?
False
Does 4 divide 200?
True
Is 1670 a multiple of 10?
True
Is 2 a factor of 48?
True
Is 50 a factor of 1938?
False
Does 8 divide 18377?
False
Does 14 divide 9851?
False
Does 12 divide 10706?
False
Is 1170 a multiple of 10?
True
Is 48 a factor of 571?
False
Is 1040 a multiple of 130?
True
Is 2 a factor of 102?
True
Does 17 divide 14535?
True
Does 8 divide 2024?
True
Does 2 divide 645?
False
Does 36 divide 8966?
False
Is 3197 a multiple of 8?
False
Is 3 a factor of 598?
False
Is 46 a factor of 1546?
False
Is 450 a multiple of 3?
True
Does 37 divide 703?
True
Does 214 divide 148516?
True
Is 35970 a multiple of 66?
True
Is 1829 a multiple of 59?
True
Does 11 divide 821?
False
Does 12 divide 480?
True
Does 24 divide 11391?
False
Is 68 a factor of 11251?
False
Is 28 a factor of 5572?
True
Is 293 a multiple of 38?
False
Does 8 divide 416?
True
Does 21 divide 105?
True
Is 5 a factor of 229?
False
Does 3 divide 55?
False
Is 73 a factor of 2554?
False
Does 9 divide 513?
True
Is 29467 a multiple of 79?
True
Is 12208 a multiple of 4?
True
Is 62 a factor of 2356?
True
Is 29 a factor of 1492?
False
Is 7 a factor of 3556?
True
Is 14 a factor of 24416?
True
Is 63 a multiple of 39?
False
Is 10917 a multiple of 9?
True
Is 30 a factor of 180?
True
Is 31 a factor of 2524?
False
Is 928 a multiple of 95?
False
Does 10 divide 2145?
False
Is 25076 a multiple of 9?
False
Is 2945 a multiple of 31?
True
Is 67 a factor of 5896?
True
Is 34 a factor of 4352?
True
Is 53 a factor of 5408?
False
Is 616 a multiple of 80?
False
Is 98 a factor of 6958?
True
Does 25 divide 775?
True
Is 87561 a multiple of 47?
True
Does 15 divide 13631?
False
Does 5 divide 8068?
False
Does 15 divide 24934?
False
Is 16 a factor of 34080?
True
Does 16 divide 14465?
False
Is 2150 a multiple of 17?
False
Does 12 divide 760?
False
Is 2086 a multiple of 68?
False
Does 44 divide 2288?
True
Is 230 a multiple of 2?
True
Is 46158 a multiple of 147?
True
Does 17 divide 25721?
True
Is 32 a factor of 11072?
True
Is 152 a factor of 4101?
False
Is 14 a factor of 4251?
False
Is 43 a factor of 2348?
False
Is 23 a factor of 18513?
False
Does 73 divide 1752?
True
Is 3176 a multiple of 13?
False
Is 51814 a multiple of 8?
False
Is 34 a factor of 43750?
False
Is 39457 a multiple of 187?
True
Is 182 a factor of 14396?
False
Is 3556 a multiple of 28?
True
Is 15 a factor of 2715?
True
Is 5 a factor of 720?
True
Is 193 a multiple of 7?
False
Is 33052 a multiple of 11?
False
Is 7195 a multiple of 32?
False
Does 12 divide 91?
False
Is 6 a factor of 24801?
False
Is 28 a factor of 785?
False
Is 43 a factor of 3173?
False
Is 508 a multiple of 59?
False
Is 462 a multiple of 22?
True
Is 3365 a multiple of 2?
False
Is 59 a factor of 1593?
True
Is 117 a multiple of 39?
True
Does 10 divide 810?
True
Does 10 divide 6597?
False
Is 226 a multiple of 32?
False
Is 1700 a multiple of 50?
True
Is 21760 a multiple of 17?
True
Is 8544 a multiple of 8?
True
Is 20253 a multiple of 157?
True
Is 825 a multiple of 15?
True
Is 130 a multiple of 10?
True
Is 37 a factor of 8806?
True
Is 77 a factor of 11757?
False
Does 18 divide 972?
True
Does 100 divide 30100?
True
Does 10 divide 102157?
False
Does 13 divide 68861?
True
Does 252 divide 38992?
False
Does 43 divide 559?
True
Does 4 divide 180?
True
Is 2513 a multiple of 2?
False
Is 183 a multiple of 3?
True
Is 2 a factor of 2118?
True
Is 4 a factor of 29?
False
Is 5517 a multiple of 27?
False
Is 12 a factor of 1236?
True
Does 16 divide 4984?
False
Is 5 a factor of 585?
True
Does 18 divide 1044?
True
Does 4 divide 252?
True
Is 12 a factor of 12756?
True
Does 115 divide 32430?
True
Is 53456 a multiple of 150?
False
Does 23 divide 11588?
False
Is 58 a factor of 2146?
True
Does 19 divide 3783?
False
Is 2470 a multiple of 57?
False
Is 76 a factor of 6228?
False
Is 4 a factor of 20?
True
Is 58 a factor of 186?
False
Is 43 a factor of 2666?
True
Is 2365 a multiple of 20?
False
Does 50 divide 2150?
True
Is 612 a multiple of 18?
True
Does 4 divide 370?
False
Does 28 divide 1293?
False
Is 960 a multiple of 60?
True
Is 450 a multiple of 18?
True
Is 26 a factor of 86320?
True
Does 26 divide 3403?
False
Is 2 a factor of 109?
False
Does 5 divide 1335?
True
Is 1040 a multiple of 8?
True
Is 94300 a multiple of 25?
True
Is 19 a factor of 7519?
False
Is 18 a factor of 198?
True
Is 81 a multiple of 3?
True
Does 40 divide 78?
False
Does 2 divide 3742?
True
Is 928 a multiple of 33?
False
Is 42 a factor of 13872?
False
Does 30 divide 588?
False
Is 576 a multiple of 16?
True
Is 10501 a multiple of 63?
False
Is 540 a multiple of 18?
True
Is 6996 a multiple of 212?
True
Is 1410 a multiple of 15?
True
Does 24 divide 5975?
False
Is 20 a factor of 4964?
False
Does 8 divide 14278?
False
Is 12 a factor of 2470?
False
Is 4809 a multiple of 144?
False
Is 464 a multiple of 16?
True
Does 12 divide 12468?
True
Is 592 a multiple of 37?
True
Does 56 divide 1565?
False
Is 114 a factor of 14524?
False
Is 17979 a multiple of 13?
True
Is 11 a factor of 638?
True
Is 7944 a multiple of 12?
True
Is 5728 a multiple of 8?
True
Does 159 divide 4134?
True
Does 2 divide 6171?
False
Does 60 divide 14660?
False
Does 9 divide 2592?
True
Is 21 a factor of 2772?
True
Does 82 divide 206?
False
Does 33 divide 330?
True
Does 11 divide 3190?
True
Is 7 a factor of 270?
False
Is 12 a factor of 1548?
True
Does 11 divide 24860?
True
Is 41 a factor of 1249?
False
Is 50 a factor of 1869?
False
Is 97 a factor of 34726?
True
Is 6060 a multiple of 20?
True
Does 20 divide 3083?
False
Is 2 a factor of 3722?
True
Is 320 a multiple of 6?
False
Is 250 even?
True
Does 27 divide 1458?
True
Is 1144 a multiple of 92?
False
Is 670 a multiple of 53?
False
Is 1785 a multiple of 51?
True
Is 196 a multiple of 5?
False
Does 121 divide 46101?
True
Is 791 a multiple of 51?
False
Is 44 a factor of 10648?
True
Does 5 divide 462?
False
Is 10 a factor of 42034?
False
Is 21038 a multiple of 67?
True
Does 16 divide 2288?
True
Does 226 divide 452?
True
Is 19 a factor of 20556?
False
Is 5750 a multiple of 250?
True
Does 26 divide 1372?
False
Does 30 divide 2230?
False
Is 1068 a multiple of 89?
True
Is 55784 a multiple of 19?
True
Is 5588 a multiple of 65?
False
Does 19 divide 3294?
False
Is 4356 even?
True
Is 61 a factor of 116?
False
Does 19 divide 15428?
True
Does 3 divide 131?
False
Is 13 a factor of 1911?
True
Is 2378 a multiple of 16?
False
Is 65 a factor of 130?
True
Is 29 a factor of 406?
True
Does 100 divide 15008?
False
Is 11 a factor of 594?
True
Is 127 a factor of 16002?
True
Is 758 a multiple of 65?
False
Does 8 divide 2840?
True
Is 19 a factor of 6424?
False
Does 7 divide 910?
True
Is 38 a multiple of 19?
True
Does 23 divide 8188?
True
Is 2 a factor of 5807?
False
Does 32 divide 928?
True
Does 211 divide 2321?
True
Does 42 divide 1428?
True
Is 12 a multiple of 2?
True
Does 18 divide 708?
False
Is 52 a factor of 2590?
False
Does 160 divide 28480?
True
Does 14 divide 2947?
False
Is 250 a multiple of 25?
True
Is 7 a factor of 9191?
True
Is 882 a multiple of 14?
True
Is 143 a factor of 8866?
True
Does 38 divide 52402?
True
Is 328 even?
True
Does 22 divide 1826?
True
Is 11 a factor of 7824?
False
Is 4442 a multiple of 11?
False
Is 8 a factor of 184?
True
Is 35 a factor of 195?
False
Is 14 a factor of 1778?
True
Is 1395 a multiple of 86?
False
Does 59 divide 1829?
True
Does 19 divide 73245?
True
Is 550 a multiple of 2?
True
Is 1248 a multiple of 48?
True
Is 17 a factor of 2941?
True
Does 214 divide 30331?
False
Does 15 divide 195?
True
Is 8833 a multiple of 32?
False
Is 1299 a multiple of 16?
False
Is 66 a factor of 10164?
True
Is 657 a multiple of 70?
False
Does 135 divide 16969?
False
Is 9 a factor of 1293?
False
Does 65 divide 8371?
False
Is 5 a factor of 109?
False
Does 23 divide 938?
False
Is 22043 a multiple of 7?
True
Is 306 a multiple of 18?
True
Is 23 a factor of 368?
True
Does 20 divide 34